{"id":121,"date":"2016-11-26T08:57:37","date_gmt":"2016-11-26T08:57:37","guid":{"rendered":"http:\/\/bosruckhuette.eu\/?page_id=121"},"modified":"2020-03-12T11:06:41","modified_gmt":"2020-03-12T11:06:41","slug":"wanderungen-ausflugsziele","status":"publish","type":"page","link":"http:\/\/bosruckhuette.eu\/?page_id=121","title":{"rendered":"Sommer Touren"},"content":{"rendered":"<table style=\"width: 100%; height: 614px;\" border=\"0\" width=\"100%\">\n<tbody>\n<tr style=\"height: 93px;\">\n<td style=\"height: 93px;\">\n<h2 class=\"Stil3 Stil5\" align=\"center\">Wandertipps rund um die Bosruckh\u00fctte in Spital am Pyhrn:<\/h2>\n<\/td>\n<\/tr>\n<tr style=\"height: 23px;\">\n<td style=\"height: 23px;\"><a href=\"#huettenwanderung\"><strong>3-H\u00fcttenwanderung<\/strong><\/a><\/td>\n<\/tr>\n<tr style=\"height: 23px;\">\n<td style=\"height: 23px;\"><a href=\"#klamm\"><strong>DR. VOGELGESANG &#8211; KLAMM<\/strong><\/a><\/td>\n<\/tr>\n<tr style=\"height: 23px;\">\n<td style=\"height: 23px;\"><a href=\"#ochsenwaldalm\"><strong>Ochsenwaldalm<\/strong><\/a><\/td>\n<\/tr>\n<tr style=\"height: 23px;\">\n<td style=\"height: 23px;\"><a href=\"#karleckrunde\"><strong>Karleckrunde<\/strong><\/a><\/td>\n<\/tr>\n<tr style=\"height: 23px;\">\n<td style=\"height: 23px;\"><a href=\"#ausflugsziele\"><em><strong>AUSFLUGSZIELE in der Umgebung<\/strong><\/em><\/a><\/td>\n<\/tr>\n<tr style=\"height: 23px;\">\n<td style=\"height: 23px;\"><\/td>\n<\/tr>\n<tr style=\"height: 23px;\">\n<td style=\"height: 23px;\"><\/td>\n<\/tr>\n<tr style=\"height: 360px;\">\n<td style=\"height: 360px;\"><img loading=\"lazy\" decoding=\"async\" class=\"aligncenter\" src=\"http:\/\/bosruckhuette.eu\/wp-content\/uploads\/2016\/12\/karte01.jpg\" width=\"500\" height=\"356\" \/><\/td>\n<\/tr>\n<\/tbody>\n<\/table>\n<table border=\"0\" width=\"100%\">\n<tbody>\n<tr>\n<td>\n<h4><span class=\"Stil1\"><a id=\"huettenwanderung\"><\/a>3-H\u00fcttenwanderung<\/span><\/h4>\n<\/td>\n<\/tr>\n<tr>\n<td>Start: Parkplatz ehem. Gasthof Gr\u00fcnau \/ Spital am Pyhrn<br \/>\n&#8211; entlang des Klammbaches (Mauth\u00fctte)<br \/>\n&#8211; von der Klamm zur Bosruckh\u00fctte (ca. 1 Std. 15 min)<br \/>\n&#8211; weiter zum Rohrauerhaus (1Std.)<br \/>\n&#8211; weiter zum Hofalmsattel mit sch\u00f6ner Sicht ins Teichltal und Windischgarstner Becken<br \/>\n(ca. 45 min)<br \/>\n&#8211; vom Hofalmsattel \u00fcber die Hofalm<br \/>\n&#8211; zur\u00fcck zum ehem. Gasthaus Gr\u00fcnau (ca. 2 Std.).<\/p>\n<p>Mehr Infos auch unter: <em><strong>&#8211; <a href=\"https:\/\/www.urlaubsregion-pyhrn-priel.at\/oesterreich-tour\/detail\/430000995\/3-huetten-wanderung-spital-am-pyhrn.html\">3-H\u00fcttenwanderung<\/a><\/strong><\/em><\/p>\n<p><a href=\"http:\/\/www.bosruckhuette.at\/index.php?show=wanderungen#oben\"><em><strong>Zur \u00dcbersicht<\/strong><\/em><\/a><\/td>\n<\/tr>\n<tr>\n<td><\/td>\n<\/tr>\n<tr>\n<td><img loading=\"lazy\" decoding=\"async\" class=\"aligncenter\" src=\"http:\/\/bosruckhuette.eu\/wp-content\/uploads\/2016\/12\/rundwanderweg.jpg\" width=\"479\" height=\"350\" \/><\/td>\n<\/tr>\n<tr>\n<td><\/td>\n<\/tr>\n<tr>\n<td><img loading=\"lazy\" decoding=\"async\" class=\"aligncenter\" src=\"http:\/\/bosruckhuette.eu\/wp-content\/uploads\/2016\/12\/karte02.jpg\" width=\"500\" height=\"359\" \/><\/td>\n<\/tr>\n<\/tbody>\n<\/table>\n<table border=\"0\" width=\"100%\">\n<tbody>\n<tr>\n<td>\n<h4><span class=\"Stil1\"><a id=\"klamm\"><\/a>DR. VOGELGESANG &#8211; KLAMM<\/span><\/h4>\n<\/td>\n<\/tr>\n<tr>\n<td>Die wildromantische Felsenschlucht mit Doktortitel in Spital am Pyhrn!<br \/>\n(Zweitl\u00e4ngste Klamm \u00d6sterreichs)<br \/>\nDiese Klamm wird vom Kleinkind bis zum r\u00fcstigen 80er<br \/>\noder noch dar\u00fcber hinaus gerne besucht.<br \/>\nNach dem Klammausstieg kommt man auf den internationalen Fernwanderweg (E 601),<br \/>\nwo sich eine sch\u00f6ne und beliebte Rundwanderung anbietet.<br \/>\nVom Steigen ein wenig erm\u00fcdet, kann man sich in der Bosruckh\u00fctte<br \/>\nausruhen und bei guter Hausmannskost st\u00e4rken.<br \/>\nGehzeit vom Klammeinstieg bis zur Bosruckh\u00fctte ca. 45 Min.<\/p>\n<p>Mehr Infos auch unter: <em><strong>&#8211; <a href=\"https:\/\/www.urlaubsregion-pyhrn-priel.at\/oesterreich-tour\/detail\/430000994\/dr-vogelgesang-klamm.html\">DR. VOGELGESANG &#8211; KLAMM<\/a><\/strong><\/em><\/p>\n<p><a href=\"http:\/\/www.bosruckhuette.at\/index.php?show=wanderungen#oben\"><em><strong>Zur \u00dcbersicht<\/strong><\/em><\/a><\/td>\n<\/tr>\n<tr>\n<td><\/td>\n<\/tr>\n<tr>\n<td><img loading=\"lazy\" decoding=\"async\" class=\"aligncenter\" src=\"http:\/\/bosruckhuette.eu\/wp-content\/uploads\/2016\/12\/klamm.jpg\" width=\"500\" height=\"356\" \/><\/td>\n<\/tr>\n<tr>\n<td><\/td>\n<\/tr>\n<tr>\n<td><img loading=\"lazy\" decoding=\"async\" class=\"aligncenter\" src=\"http:\/\/bosruckhuette.eu\/wp-content\/uploads\/2016\/12\/karte03.jpg\" width=\"500\" height=\"358\" \/><\/td>\n<\/tr>\n<\/tbody>\n<\/table>\n<table border=\"0\" width=\"100%\">\n<tbody>\n<tr>\n<td><\/td>\n<\/tr>\n<tr>\n<td>\n<p><strong>Au\u00dfer Dr. VOGELGESANG \u2013 KLAMM, GR. PYHRGAS, BOSRUCK und SCHEIBLINGSTEIN<br \/>\nbieten sich rund um die Bosruckh\u00fctte noch weitere, gem\u00e4chlichere Bergwanderungen an:<\/strong><\/td>\n<\/tr>\n<tr>\n<td><\/td>\n<\/tr>\n<tr>\n<td>\n<h4><span class=\"Stil1\"><a id=\"ochsenwaldalm\"><\/a>Ochsenwaldalm &#8211; <span class=\"Stil4\">Runde ca. 45 Minuten<\/span><\/span><\/h4>\n<\/td>\n<\/tr>\n<tr>\n<td>\u00dcber die Ochsenwaldalm zur OCHSENWALD &#8211; KAPELLE.<br \/>\nDie von den umliegenden Bauern liebevoll gestaltete Marienkapelle<br \/>\nmit einer Mutter Gottes Statue wird von einer m\u00e4chtigen Linde bewacht.<br \/>\nVon dem Kirchlein f\u00fchrt der Weg hinauf zum ARLINGSATTEL,<br \/>\nwo man einen wunderbaren Ausblick auf unsere Nachbarn, die Steiermark bzw.<br \/>\nEnnstal \/ Ges\u00e4use genie\u00dfen kann.<br \/>\n\u00dcber die ARLINGALM f\u00fchrt der Weg auf einer Forststra\u00dfe wieder zur\u00fcck zur BOSRUCKH\u00dcTTE.<\/p>\n<p>Mehr Infos auch unter: <em><strong>&#8211; <a href=\"https:\/\/www.urlaubsregion-pyhrn-priel.at\/oesterreich-gastronomie\/detail\/430000381\/ochsenwaldhuette.html\">Ochsenwaldalm<\/a><\/strong><\/em><\/td>\n<\/tr>\n<tr>\n<td><\/td>\n<\/tr>\n<tr>\n<td>\n<h4><span class=\"Stil1\"><a id=\"karleckrunde\"><\/a>Karleckrunde<span class=\"Stil4\"> ca. 2 1\/2 Stunden<\/span><\/span><\/h4>\n<\/td>\n<\/tr>\n<tr>\n<td>\u00dcber die OCHSENWALDALM auf den ARLINGSATTEL,<br \/>\nweiter zur BACHERALM und PYHRGAS \u2013 GATTERL.<br \/>\n\u00dcber das ROHRAUERHAUS f\u00fchrt der Weg wieder hinab zur BOSRUCKH\u00dcTTE.<br \/>\nHerrliche Ausblicke auf den SCHEIBLINGSTEIN, ENNSTALER \u2013 ALPEN, GES\u00c4USE und die TAUERN.<\/p>\n<p>Mehr Infos auch unter: <em><strong>&#8211; <a href=\"https:\/\/www.urlaubsregion-pyhrn-priel.at\/oesterreich-tour\/detail\/430000998\/karleckrunde.html\">Karleckrunde<\/a><\/strong><\/em><\/td>\n<\/tr>\n<tr>\n<td><\/td>\n<\/tr>\n<tr>\n<td>\n<p><em><a href=\"https:\/\/www.bergfex.at\/sommer\/oberoesterreich\/touren\/wanderung\/159460,von-der-bosruckhuette-auf-den-grossen-pyhrgas-2244-m\/\" target=\"_blank\" rel=\"noopener noreferrer\"><strong>Weitere Wandertipps<\/strong><\/a><\/em><\/td>\n<\/tr>\n<tr>\n<td><a href=\"http:\/\/bosruckhuette.eu\/?page_id=121\"><em><strong>Zur \u00dcbersicht<\/strong><\/em><\/a><\/td>\n<\/tr>\n<tr>\n<td><\/td>\n<\/tr>\n<\/tbody>\n<\/table>\n<table border=\"0\" width=\"100%\">\n<tbody>\n<tr>\n<td>\n<h4><span class=\"Stil1\"><a id=\"ausflugsziele\"><\/a>Ausflugsziele:<\/span><\/h4>\n<\/td>\n<\/tr>\n<tr>\n<td><\/td>\n<\/tr>\n<tr>\n<td><span style=\"text-decoration: underline;\"><a href=\"https:\/\/www.urlaubsregion-pyhrn-priel.at\/oesterreich-poi\/detail\/430016421\/zwischen-himmel-und-erde-gerlinde-kaltenbrunner-und-die-welt-der-8000er.html\">Zwischen Himmel und Erde &#8211; Gerlinde Kaltenbrunner und die Welt der 8000er<\/a><\/span><br \/>\nGEW\u00c4SSERLEHRPFAD<br \/>\n<a href=\"https:\/\/www.urlaubsregion-pyhrn-priel.at\/oesterreich-poi\/detail\/430001414\/panorama-hallenbad-in-spital-am-pyhrn.html\" target=\"_blank\" rel=\"noopener noreferrer\">PANORAMAHALLENBAD<\/a><br \/>\n<a href=\"https:\/\/www.dilly.at\/de\/golfplatz\/\" target=\"_blank\" rel=\"noopener noreferrer\">GOLFANLAGE PYHRN-PRIEL<\/a><br \/>\n&#8230;<br \/>\nWeitere Infos finden auf:<\/td>\n<\/tr>\n<tr>\n<td><\/td>\n<\/tr>\n<tr>\n<td>Urlaubsregion Pyhrn-Priel<\/td>\n<\/tr>\n<tr>\n<td><a href=\"http:\/\/www.urlaubsregion-pyhrn-priel.at\" target=\"_blank\" rel=\"noopener noreferrer\"><em><strong>www.pyhrn-priel.net<\/strong><\/em><\/a><\/td>\n<\/tr>\n<tr>\n<td><\/td>\n<\/tr>\n<tr>\n<td><a href=\"http:\/\/bosruckhuette.eu\/?page_id=121\"><em><strong>Zur \u00dcbersicht<\/strong><\/em><\/a><\/td>\n<\/tr>\n<\/tbody>\n<\/table>\n","protected":false},"excerpt":{"rendered":"<p>Wandertipps rund um die Bosruckh\u00fctte in Spital am Pyhrn: 3-H\u00fcttenwanderung DR. VOGELGESANG &#8211; KLAMM Ochsenwaldalm Karleckrunde AUSFLUGSZIELE in der Umgebung 3-H\u00fcttenwanderung Start: Parkplatz ehem. Gasthof Gr\u00fcnau \/ Spital am Pyhrn &#8211; entlang des Klammbaches (Mauth\u00fctte) &#8211; von der Klamm zur Bosruckh\u00fctte (ca. 1 Std. 15 min) &#8211; weiter zum Rohrauerhaus (1Std.) &#8211; weiter zum Hofalmsattel <a class=\"read-more\" href=\"http:\/\/bosruckhuette.eu\/?page_id=121\">Read More<\/a><\/p>\n","protected":false},"author":1,"featured_media":0,"parent":0,"menu_order":1,"comment_status":"closed","ping_status":"closed","template":"","meta":{"footnotes":""},"class_list":["post-121","page","type-page","status-publish","hentry"],"aioseo_notices":[],"_links":{"self":[{"href":"http:\/\/bosruckhuette.eu\/index.php?rest_route=\/wp\/v2\/pages\/121","targetHints":{"allow":["GET"]}}],"collection":[{"href":"http:\/\/bosruckhuette.eu\/index.php?rest_route=\/wp\/v2\/pages"}],"about":[{"href":"http:\/\/bosruckhuette.eu\/index.php?rest_route=\/wp\/v2\/types\/page"}],"author":[{"embeddable":true,"href":"http:\/\/bosruckhuette.eu\/index.php?rest_route=\/wp\/v2\/users\/1"}],"replies":[{"embeddable":true,"href":"http:\/\/bosruckhuette.eu\/index.php?rest_route=%2Fwp%2Fv2%2Fcomments&post=121"}],"version-history":[{"count":14,"href":"http:\/\/bosruckhuette.eu\/index.php?rest_route=\/wp\/v2\/pages\/121\/revisions"}],"predecessor-version":[{"id":391,"href":"http:\/\/bosruckhuette.eu\/index.php?rest_route=\/wp\/v2\/pages\/121\/revisions\/391"}],"wp:attachment":[{"href":"http:\/\/bosruckhuette.eu\/index.php?rest_route=%2Fwp%2Fv2%2Fmedia&parent=121"}],"curies":[{"name":"wp","href":"https:\/\/api.w.org\/{rel}","templated":true}]}}